{"id":12216,"date":"2022-12-28T17:11:59","date_gmt":"2022-12-28T16:11:59","guid":{"rendered":"https:\/\/eurossig.eu\/eurossig\/?page_id=12216"},"modified":"2023-12-30T17:52:15","modified_gmt":"2023-12-30T16:52:15","slug":"fellows-2023","status":"publish","type":"page","link":"https:\/\/eurossig.eu\/eurossig\/summer-school-impressions\/pictures-and-archives\/2023-edition\/fellows-2023\/","title":{"rendered":"Fellows 2023"},"content":{"rendered":"<p>&nbsp;<br \/>\n<img decoding=\"async\" class=\"aligncenter\" src=\"https:\/\/eurossig.eu\/eurossig\/wp-content\/uploads\/2016\/07\/Weltkarte_02_umriss.png\" alt=\"Weltkarte_02\" width=\"100%\"><br \/>\n\n<script type=\"text\/javascript\">\njQuery(document).ready(function() { \nvar flowplus_1 = new flowplus(1);\nflowplus_1.init( {autoRotate: \"off\", autoRotatepause: 3000, startImg: 1, sameWindow: true, aspectRatio: 1.9, reflectPC: 0, circular: true, focus: 4, sliderStyle: \"baseline\"} );\n});\n<\/script>\n\n<div id=\"wpif2_flowplus_1\" class=\"wpif2_flowplus\" style=\"background-color: #ffffff; color: #2d2d2d; width: 60%\">\n<div id=\"wpif2_loading_1\" class=\"wpif2_loading\" style=\"color: #2d2d2d;\">\n<b>Loading Images<\/b><br\/>\n<img loading=\"lazy\" decoding=\"async\" src=\"https:\/\/eurossig.eu\/eurossig\/wp-content\/plugins\/wp-imageflow2\/img\/loading.gif\" width=\"208\" height=\"13\" alt=\"wpif2_loading\" \/>\n<\/div>\n<div id=\"wpif2_images_1\" class=\"wpif2_images\">\n<div class=\"wpif2_image_block\"><img decoding=\"async\" src=\"https:\/\/eurossig.eu\/eurossig\/wp-content\/uploads\/2023\/06\/Alona-Borzhemska_2023.jpg\" data-link=\"https:\/\/eurossig.eu\/eurossig\/summer-school-impressions\/pictures-and-archives\/2023-edition\/fellows-2023\/alona-borzhemska\/\" alt=\"Alona Borzhemska\" \/><\/div><div class=\"wpif2_image_block\"><img decoding=\"async\" src=\"https:\/\/eurossig.eu\/eurossig\/wp-content\/uploads\/2023\/06\/Andre-Cote_2023.jpg\" data-link=\"https:\/\/eurossig.eu\/eurossig\/summer-school-impressions\/pictures-and-archives\/2023-edition\/fellows-2023\/andre-cote\/\" alt=\"Andr\u00e9 C\u00f4t\u00e9\" \/><\/div><div class=\"wpif2_image_block\"><img decoding=\"async\" src=\"https:\/\/eurossig.eu\/eurossig\/wp-content\/uploads\/2023\/06\/Bukola-Faturoti_2023.jpg\" data-link=\"https:\/\/eurossig.eu\/eurossig\/summer-school-impressions\/pictures-and-archives\/2023-edition\/fellows-2023\/bukola-faturoti\/\" alt=\"Bukola Faturoti\" \/><\/div><div class=\"wpif2_image_block\"><img decoding=\"async\" src=\"https:\/\/eurossig.eu\/eurossig\/wp-content\/uploads\/2023\/06\/Felix-Loxen_2023.jpg\" data-link=\"https:\/\/eurossig.eu\/eurossig\/summer-school-impressions\/pictures-and-archives\/2023-edition\/fellows-2023\/felix-loxen\/\" alt=\"Felix Loxen\" \/><\/div><div class=\"wpif2_image_block\"><img decoding=\"async\" src=\"https:\/\/eurossig.eu\/eurossig\/wp-content\/uploads\/2023\/06\/Gulalai-Khan_2023.jpg\" data-link=\"https:\/\/eurossig.eu\/eurossig\/summer-school-impressions\/pictures-and-archives\/2023-edition\/fellows-2023\/gulalai-khan\/\" alt=\"Gulalai Khan\" \/><\/div><div class=\"wpif2_image_block\"><img decoding=\"async\" src=\"https:\/\/eurossig.eu\/eurossig\/wp-content\/uploads\/2023\/06\/Gustavo-Ortega_2023.jpg\" data-link=\"https:\/\/eurossig.eu\/eurossig\/summer-school-impressions\/pictures-and-archives\/2023-edition\/fellows-2023\/gustavo-ortega\/\" alt=\"Gustavo Ortega\" \/><\/div><div class=\"wpif2_image_block\"><img decoding=\"async\" src=\"https:\/\/eurossig.eu\/eurossig\/wp-content\/uploads\/2023\/06\/Isabelle-Lois_2023.jpg\" data-link=\"https:\/\/eurossig.eu\/eurossig\/summer-school-impressions\/pictures-and-archives\/2023-edition\/fellows-2023\/isabelle-lois\/\" alt=\"Isabelle Lois\" \/><\/div><div class=\"wpif2_image_block\"><img decoding=\"async\" src=\"https:\/\/eurossig.eu\/eurossig\/wp-content\/uploads\/2023\/06\/Joao-Damas_2023.jpg\" data-link=\"https:\/\/eurossig.eu\/eurossig\/summer-school-impressions\/pictures-and-archives\/2023-edition\/fellows-2023\/joao-pedro-martins\/\" alt=\"Jo\u00e3o Pedro Martins\" \/><\/div><div class=\"wpif2_image_block\"><img decoding=\"async\" src=\"https:\/\/eurossig.eu\/eurossig\/wp-content\/uploads\/2023\/06\/Johannes-Hilling_2023.jpg\" data-link=\"https:\/\/eurossig.eu\/eurossig\/summer-school-impressions\/pictures-and-archives\/2023-edition\/fellows-2023\/johannes-hilling\/\" alt=\"Johannes Hilling\" \/><\/div><div class=\"wpif2_image_block\"><img decoding=\"async\" src=\"https:\/\/eurossig.eu\/eurossig\/wp-content\/uploads\/2023\/06\/Kjerstin-Burdiek_2023.jpg\" data-link=\"https:\/\/eurossig.eu\/eurossig\/summer-school-impressions\/pictures-and-archives\/2023-edition\/fellows-2023\/kjerstin-burdiek\/\" alt=\"Kjerstin Burdiek\" \/><\/div><div class=\"wpif2_image_block\"><img decoding=\"async\" src=\"https:\/\/eurossig.eu\/eurossig\/wp-content\/uploads\/2023\/06\/Lakshi-Bhatia_2023.jpg\" data-link=\"https:\/\/eurossig.eu\/eurossig\/summer-school-impressions\/pictures-and-archives\/2023-edition\/fellows-2023\/lakshi-bhatia\/\" alt=\"Lakshi Bhatia\" \/><\/div><div class=\"wpif2_image_block\"><img decoding=\"async\" src=\"https:\/\/eurossig.eu\/eurossig\/wp-content\/uploads\/2023\/06\/Mari-Malvenishvili_2023.jpg\" data-link=\"https:\/\/eurossig.eu\/eurossig\/summer-school-impressions\/pictures-and-archives\/2023-edition\/fellows-2023\/marina-malvenishvili\/\" alt=\"Marina Malvenishvili\" \/><\/div><div class=\"wpif2_image_block\"><img decoding=\"async\" src=\"https:\/\/eurossig.eu\/eurossig\/wp-content\/uploads\/2023\/06\/Meshal-Al-Mheiri_2023.jpg\" data-link=\"https:\/\/eurossig.eu\/eurossig\/summer-school-impressions\/pictures-and-archives\/2023-edition\/fellows-2023\/meshal-almheiri\/\" alt=\"Meshal Almheiri\" \/><\/div><div class=\"wpif2_image_block\"><img decoding=\"async\" src=\"https:\/\/eurossig.eu\/eurossig\/wp-content\/uploads\/2023\/06\/Nataliia-Pohorska_2023.jpg\" data-link=\"https:\/\/eurossig.eu\/eurossig\/summer-school-impressions\/pictures-and-archives\/2023-edition\/fellows-2023\/nataliia-pohorska\/\" alt=\"Nataliia Pohorska\" \/><\/div><div class=\"wpif2_image_block\"><img decoding=\"async\" src=\"https:\/\/eurossig.eu\/eurossig\/wp-content\/uploads\/2023\/06\/Neema-Lugangira_2023.jpg\" data-link=\"https:\/\/eurossig.eu\/eurossig\/summer-school-impressions\/pictures-and-archives\/2023-edition\/fellows-2023\/neema-lugangira\/\" alt=\"Neema Lugangira\" \/><\/div><div class=\"wpif2_image_block\"><img decoding=\"async\" src=\"https:\/\/eurossig.eu\/eurossig\/wp-content\/uploads\/2023\/06\/Rafaela-Ferreira_2023.jpg\" data-link=\"https:\/\/eurossig.eu\/eurossig\/summer-school-impressions\/pictures-and-archives\/2023-edition\/fellows-2023\/rafaela-ferreira-goncalves-da-silva\/\" alt=\"Rafaela Ferreira Gon\u00e7alves da Silva\" \/><\/div><div class=\"wpif2_image_block\"><img decoding=\"async\" src=\"https:\/\/eurossig.eu\/eurossig\/wp-content\/uploads\/2023\/06\/Samuele-Fratini_2023.jpg\" data-link=\"https:\/\/eurossig.eu\/eurossig\/summer-school-impressions\/pictures-and-archives\/2023-edition\/fellows-2023\/samuele-fratini\/\" alt=\"Samuele Fratini\" \/><\/div><div class=\"wpif2_image_block\"><img decoding=\"async\" src=\"https:\/\/eurossig.eu\/eurossig\/wp-content\/uploads\/2023\/06\/Sanna-Wolk_2023.jpg\" data-link=\"https:\/\/eurossig.eu\/eurossig\/summer-school-impressions\/pictures-and-archives\/2023-edition\/fellows-2023\/sanna-wolk\/\" alt=\"Sanna Wolk\" \/><\/div><div class=\"wpif2_image_block\"><img decoding=\"async\" src=\"https:\/\/eurossig.eu\/eurossig\/wp-content\/uploads\/2023\/06\/Sarah-Opendi_2023.jpg\" data-link=\"https:\/\/eurossig.eu\/eurossig\/summer-school-impressions\/pictures-and-archives\/2023-edition\/fellows-2023\/sarah-opendi\/\" alt=\"Sarah Opendi\" \/><\/div><div class=\"wpif2_image_block\"><img decoding=\"async\" src=\"https:\/\/eurossig.eu\/eurossig\/wp-content\/uploads\/2023\/06\/Sophie-Mitchell_2023.jpg\" data-link=\"https:\/\/eurossig.eu\/eurossig\/summer-school-impressions\/pictures-and-archives\/2023-edition\/fellows-2023\/sophie-mitchell\/\" alt=\"Sophie Mitchell\" \/><\/div><div class=\"wpif2_image_block\"><img decoding=\"async\" src=\"https:\/\/eurossig.eu\/eurossig\/wp-content\/uploads\/2023\/06\/Cecilie-Lam_2023.jpg\" data-link=\"https:\/\/eurossig.eu\/eurossig\/summer-school-impressions\/pictures-and-archives\/2023-edition\/fellows-2023\/cecilie-thi-lam\/\" alt=\"Cecilie Thi Lam\" \/><\/div><div class=\"wpif2_image_block\"><img decoding=\"async\" src=\"https:\/\/eurossig.eu\/eurossig\/wp-content\/uploads\/2023\/06\/Tomoe-Watashiba_2023.jpg\" data-link=\"https:\/\/eurossig.eu\/eurossig\/summer-school-impressions\/pictures-and-archives\/2023-edition\/fellows-2023\/tomoe-watashiba\/\" alt=\"Tomoe Watashiba\" \/><\/div><div class=\"wpif2_image_block\"><img decoding=\"async\" src=\"https:\/\/eurossig.eu\/eurossig\/wp-content\/uploads\/2023\/07\/Sabrina-Heber_2023.jpg\" data-link=\"https:\/\/eurossig.eu\/eurossig\/summer-school-impressions\/pictures-and-archives\/2023-edition\/fellows-2023\/sabrina-heber\/\" alt=\"Sabrina Heber\" \/><\/div><div class=\"wpif2_image_block\"><img decoding=\"async\" src=\"https:\/\/eurossig.eu\/eurossig\/wp-content\/uploads\/2023\/07\/Vivien-Schoenberger_2023.jpg\" data-link=\"https:\/\/eurossig.eu\/eurossig\/summer-school-impressions\/pictures-and-archives\/2023-edition\/fellows-2023\/vivien-schoenberger\/\" alt=\"Vivien Sch\u00f6nberger\" \/><\/div><div class=\"wpif2_image_block\"><img decoding=\"async\" src=\"https:\/\/eurossig.eu\/eurossig\/wp-content\/uploads\/2023\/07\/Jean-Ferreira_2023.jpg\" data-link=\"https:\/\/eurossig.eu\/eurossig\/summer-school-impressions\/pictures-and-archives\/2023-edition\/fellows-2023\/jean-ferreira\/\" alt=\"Jean Ferreira\" \/><\/div><div class=\"wpif2_image_block\"><img decoding=\"async\" src=\"https:\/\/eurossig.eu\/eurossig\/wp-content\/uploads\/2023\/07\/Modestus-Amutse_2023.jpg\" data-link=\"https:\/\/eurossig.eu\/eurossig\/summer-school-impressions\/pictures-and-archives\/2023-edition\/fellows-2023\/modestus-amutse\/\" alt=\"Modestus Amutse\" \/><\/div><div class=\"wpif2_image_block\"><img decoding=\"async\" src=\"https:\/\/eurossig.eu\/eurossig\/wp-content\/uploads\/2023\/07\/Sorene-Assefa_2023.jpg\" data-link=\"https:\/\/eurossig.eu\/eurossig\/summer-school-impressions\/pictures-and-archives\/2023-edition\/fellows-2023\/sorene-assefa\/\" alt=\"Sorene Assefa\" \/><\/div><div class=\"wpif2_image_block\"><img decoding=\"async\" src=\"https:\/\/eurossig.eu\/eurossig\/wp-content\/uploads\/2023\/07\/Anke-Schlieker_2023.jpg\" data-link=\"https:\/\/eurossig.eu\/eurossig\/summer-school-impressions\/pictures-and-archives\/2023-edition\/fellows-2023\/anke-schlieker\/\" alt=\"Anke Schlieker\" \/><\/div><div class=\"wpif2_image_block\"><img decoding=\"async\" src=\"https:\/\/eurossig.eu\/eurossig\/wp-content\/uploads\/2023\/07\/Dal-Singh_2023-1.jpg\" data-link=\"https:\/\/eurossig.eu\/eurossig\/summer-school-impressions\/pictures-and-archives\/2023-edition\/fellows-2023\/dal-singh\/\" alt=\"Dal Singh\" \/><\/div><div class=\"wpif2_image_block\"><img decoding=\"async\" src=\"https:\/\/eurossig.eu\/eurossig\/wp-content\/uploads\/2023\/07\/Karolina-Larsson_2023-1.jpg\" data-link=\"https:\/\/eurossig.eu\/eurossig\/summer-school-impressions\/pictures-and-archives\/2023-edition\/fellows-2023\/karolina-larsson\/\" alt=\"Karolina Larsson\" \/><\/div><div class=\"wpif2_image_block\"><img decoding=\"async\" src=\"https:\/\/eurossig.eu\/eurossig\/wp-content\/uploads\/2023\/07\/Kasian-Emmanuel_2023.jpg\" data-link=\"https:\/\/eurossig.eu\/eurossig\/summer-school-impressions\/pictures-and-archives\/2023-edition\/fellows-2023\/kasian-emmanuel\/\" alt=\"Kasian Emmanuel\" \/><\/div><\/div>\n<div id=\"wpif2_captions_1\" class=\"wpif2_captions\"><\/div>\n<div id=\"wpif2_scrollbar_1\" class=\"wpif2_scrollbar black\"><div id=\"wpif2_slider_1\" class=\"wpif2_slider\">\n<\/div><\/div>\n<noscript><div id=\"wpif2_flowplus_noscript_1\" class=\"wpif2_flowplus_noscript\"><a href=\"https:\/\/eurossig.eu\/eurossig\/summer-school-impressions\/pictures-and-archives\/2023-edition\/fellows-2023\/alona-borzhemska\/\"><img decoding=\"async\" src=\"https:\/\/eurossig.eu\/eurossig\/wp-content\/uploads\/2023\/06\/Alona-Borzhemska_2023.jpg\" width=\"100\"  alt=\"Alona Borzhemska\" \/><\/a><a href=\"https:\/\/eurossig.eu\/eurossig\/summer-school-impressions\/pictures-and-archives\/2023-edition\/fellows-2023\/andre-cote\/\"><img decoding=\"async\" src=\"https:\/\/eurossig.eu\/eurossig\/wp-content\/uploads\/2023\/06\/Andre-Cote_2023.jpg\" width=\"100\"  alt=\"Andr\u00e9 C\u00f4t\u00e9\" \/><\/a><a href=\"https:\/\/eurossig.eu\/eurossig\/summer-school-impressions\/pictures-and-archives\/2023-edition\/fellows-2023\/bukola-faturoti\/\"><img decoding=\"async\" src=\"https:\/\/eurossig.eu\/eurossig\/wp-content\/uploads\/2023\/06\/Bukola-Faturoti_2023.jpg\" width=\"100\"  alt=\"Bukola Faturoti\" \/><\/a><a href=\"https:\/\/eurossig.eu\/eurossig\/summer-school-impressions\/pictures-and-archives\/2023-edition\/fellows-2023\/felix-loxen\/\"><img decoding=\"async\" src=\"https:\/\/eurossig.eu\/eurossig\/wp-content\/uploads\/2023\/06\/Felix-Loxen_2023.jpg\" width=\"100\"  alt=\"Felix Loxen\" \/><\/a><a href=\"https:\/\/eurossig.eu\/eurossig\/summer-school-impressions\/pictures-and-archives\/2023-edition\/fellows-2023\/gulalai-khan\/\"><img decoding=\"async\" src=\"https:\/\/eurossig.eu\/eurossig\/wp-content\/uploads\/2023\/06\/Gulalai-Khan_2023.jpg\" width=\"100\"  alt=\"Gulalai Khan\" \/><\/a><a href=\"https:\/\/eurossig.eu\/eurossig\/summer-school-impressions\/pictures-and-archives\/2023-edition\/fellows-2023\/gustavo-ortega\/\"><img decoding=\"async\" src=\"https:\/\/eurossig.eu\/eurossig\/wp-content\/uploads\/2023\/06\/Gustavo-Ortega_2023.jpg\" width=\"100\"  alt=\"Gustavo Ortega\" \/><\/a><a href=\"https:\/\/eurossig.eu\/eurossig\/summer-school-impressions\/pictures-and-archives\/2023-edition\/fellows-2023\/isabelle-lois\/\"><img decoding=\"async\" src=\"https:\/\/eurossig.eu\/eurossig\/wp-content\/uploads\/2023\/06\/Isabelle-Lois_2023.jpg\" width=\"100\"  alt=\"Isabelle Lois\" \/><\/a><a href=\"https:\/\/eurossig.eu\/eurossig\/summer-school-impressions\/pictures-and-archives\/2023-edition\/fellows-2023\/joao-pedro-martins\/\"><img decoding=\"async\" src=\"https:\/\/eurossig.eu\/eurossig\/wp-content\/uploads\/2023\/06\/Joao-Damas_2023.jpg\" width=\"100\"  alt=\"Jo\u00e3o Pedro Martins\" \/><\/a><a href=\"https:\/\/eurossig.eu\/eurossig\/summer-school-impressions\/pictures-and-archives\/2023-edition\/fellows-2023\/johannes-hilling\/\"><img decoding=\"async\" src=\"https:\/\/eurossig.eu\/eurossig\/wp-content\/uploads\/2023\/06\/Johannes-Hilling_2023.jpg\" width=\"100\"  alt=\"Johannes Hilling\" \/><\/a><a href=\"https:\/\/eurossig.eu\/eurossig\/summer-school-impressions\/pictures-and-archives\/2023-edition\/fellows-2023\/kjerstin-burdiek\/\"><img decoding=\"async\" src=\"https:\/\/eurossig.eu\/eurossig\/wp-content\/uploads\/2023\/06\/Kjerstin-Burdiek_2023.jpg\" width=\"100\"  alt=\"Kjerstin Burdiek\" \/><\/a><a href=\"https:\/\/eurossig.eu\/eurossig\/summer-school-impressions\/pictures-and-archives\/2023-edition\/fellows-2023\/lakshi-bhatia\/\"><img decoding=\"async\" src=\"https:\/\/eurossig.eu\/eurossig\/wp-content\/uploads\/2023\/06\/Lakshi-Bhatia_2023.jpg\" width=\"100\"  alt=\"Lakshi Bhatia\" \/><\/a><a href=\"https:\/\/eurossig.eu\/eurossig\/summer-school-impressions\/pictures-and-archives\/2023-edition\/fellows-2023\/marina-malvenishvili\/\"><img decoding=\"async\" src=\"https:\/\/eurossig.eu\/eurossig\/wp-content\/uploads\/2023\/06\/Mari-Malvenishvili_2023.jpg\" width=\"100\"  alt=\"Marina Malvenishvili\" \/><\/a><a href=\"https:\/\/eurossig.eu\/eurossig\/summer-school-impressions\/pictures-and-archives\/2023-edition\/fellows-2023\/meshal-almheiri\/\"><img decoding=\"async\" src=\"https:\/\/eurossig.eu\/eurossig\/wp-content\/uploads\/2023\/06\/Meshal-Al-Mheiri_2023.jpg\" width=\"100\"  alt=\"Meshal Almheiri\" \/><\/a><a href=\"https:\/\/eurossig.eu\/eurossig\/summer-school-impressions\/pictures-and-archives\/2023-edition\/fellows-2023\/nataliia-pohorska\/\"><img decoding=\"async\" src=\"https:\/\/eurossig.eu\/eurossig\/wp-content\/uploads\/2023\/06\/Nataliia-Pohorska_2023.jpg\" width=\"100\"  alt=\"Nataliia Pohorska\" \/><\/a><a href=\"https:\/\/eurossig.eu\/eurossig\/summer-school-impressions\/pictures-and-archives\/2023-edition\/fellows-2023\/neema-lugangira\/\"><img decoding=\"async\" src=\"https:\/\/eurossig.eu\/eurossig\/wp-content\/uploads\/2023\/06\/Neema-Lugangira_2023.jpg\" width=\"100\"  alt=\"Neema Lugangira\" \/><\/a><a href=\"https:\/\/eurossig.eu\/eurossig\/summer-school-impressions\/pictures-and-archives\/2023-edition\/fellows-2023\/rafaela-ferreira-goncalves-da-silva\/\"><img decoding=\"async\" src=\"https:\/\/eurossig.eu\/eurossig\/wp-content\/uploads\/2023\/06\/Rafaela-Ferreira_2023.jpg\" width=\"100\"  alt=\"Rafaela Ferreira Gon\u00e7alves da Silva\" \/><\/a><a href=\"https:\/\/eurossig.eu\/eurossig\/summer-school-impressions\/pictures-and-archives\/2023-edition\/fellows-2023\/samuele-fratini\/\"><img decoding=\"async\" src=\"https:\/\/eurossig.eu\/eurossig\/wp-content\/uploads\/2023\/06\/Samuele-Fratini_2023.jpg\" width=\"100\"  alt=\"Samuele Fratini\" \/><\/a><a href=\"https:\/\/eurossig.eu\/eurossig\/summer-school-impressions\/pictures-and-archives\/2023-edition\/fellows-2023\/sanna-wolk\/\"><img decoding=\"async\" src=\"https:\/\/eurossig.eu\/eurossig\/wp-content\/uploads\/2023\/06\/Sanna-Wolk_2023.jpg\" width=\"100\"  alt=\"Sanna Wolk\" \/><\/a><a href=\"https:\/\/eurossig.eu\/eurossig\/summer-school-impressions\/pictures-and-archives\/2023-edition\/fellows-2023\/sarah-opendi\/\"><img decoding=\"async\" src=\"https:\/\/eurossig.eu\/eurossig\/wp-content\/uploads\/2023\/06\/Sarah-Opendi_2023.jpg\" width=\"100\"  alt=\"Sarah Opendi\" \/><\/a><a href=\"https:\/\/eurossig.eu\/eurossig\/summer-school-impressions\/pictures-and-archives\/2023-edition\/fellows-2023\/sophie-mitchell\/\"><img decoding=\"async\" src=\"https:\/\/eurossig.eu\/eurossig\/wp-content\/uploads\/2023\/06\/Sophie-Mitchell_2023.jpg\" width=\"100\"  alt=\"Sophie Mitchell\" \/><\/a><a href=\"https:\/\/eurossig.eu\/eurossig\/summer-school-impressions\/pictures-and-archives\/2023-edition\/fellows-2023\/cecilie-thi-lam\/\"><img decoding=\"async\" src=\"https:\/\/eurossig.eu\/eurossig\/wp-content\/uploads\/2023\/06\/Cecilie-Lam_2023.jpg\" width=\"100\"  alt=\"Cecilie Thi Lam\" \/><\/a><a href=\"https:\/\/eurossig.eu\/eurossig\/summer-school-impressions\/pictures-and-archives\/2023-edition\/fellows-2023\/tomoe-watashiba\/\"><img decoding=\"async\" src=\"https:\/\/eurossig.eu\/eurossig\/wp-content\/uploads\/2023\/06\/Tomoe-Watashiba_2023.jpg\" width=\"100\"  alt=\"Tomoe Watashiba\" \/><\/a><a href=\"https:\/\/eurossig.eu\/eurossig\/summer-school-impressions\/pictures-and-archives\/2023-edition\/fellows-2023\/sabrina-heber\/\"><img decoding=\"async\" src=\"https:\/\/eurossig.eu\/eurossig\/wp-content\/uploads\/2023\/07\/Sabrina-Heber_2023.jpg\" width=\"100\"  alt=\"Sabrina Heber\" \/><\/a><a href=\"https:\/\/eurossig.eu\/eurossig\/summer-school-impressions\/pictures-and-archives\/2023-edition\/fellows-2023\/vivien-schoenberger\/\"><img decoding=\"async\" src=\"https:\/\/eurossig.eu\/eurossig\/wp-content\/uploads\/2023\/07\/Vivien-Schoenberger_2023.jpg\" width=\"100\"  alt=\"Vivien Sch\u00f6nberger\" \/><\/a><a href=\"https:\/\/eurossig.eu\/eurossig\/summer-school-impressions\/pictures-and-archives\/2023-edition\/fellows-2023\/jean-ferreira\/\"><img decoding=\"async\" src=\"https:\/\/eurossig.eu\/eurossig\/wp-content\/uploads\/2023\/07\/Jean-Ferreira_2023.jpg\" width=\"100\"  alt=\"Jean Ferreira\" \/><\/a><a href=\"https:\/\/eurossig.eu\/eurossig\/summer-school-impressions\/pictures-and-archives\/2023-edition\/fellows-2023\/modestus-amutse\/\"><img decoding=\"async\" src=\"https:\/\/eurossig.eu\/eurossig\/wp-content\/uploads\/2023\/07\/Modestus-Amutse_2023.jpg\" width=\"100\"  alt=\"Modestus Amutse\" \/><\/a><a href=\"https:\/\/eurossig.eu\/eurossig\/summer-school-impressions\/pictures-and-archives\/2023-edition\/fellows-2023\/sorene-assefa\/\"><img decoding=\"async\" src=\"https:\/\/eurossig.eu\/eurossig\/wp-content\/uploads\/2023\/07\/Sorene-Assefa_2023.jpg\" width=\"100\"  alt=\"Sorene Assefa\" \/><\/a><a href=\"https:\/\/eurossig.eu\/eurossig\/summer-school-impressions\/pictures-and-archives\/2023-edition\/fellows-2023\/anke-schlieker\/\"><img decoding=\"async\" src=\"https:\/\/eurossig.eu\/eurossig\/wp-content\/uploads\/2023\/07\/Anke-Schlieker_2023.jpg\" width=\"100\"  alt=\"Anke Schlieker\" \/><\/a><a href=\"https:\/\/eurossig.eu\/eurossig\/summer-school-impressions\/pictures-and-archives\/2023-edition\/fellows-2023\/dal-singh\/\"><img decoding=\"async\" src=\"https:\/\/eurossig.eu\/eurossig\/wp-content\/uploads\/2023\/07\/Dal-Singh_2023-1.jpg\" width=\"100\"  alt=\"Dal Singh\" \/><\/a><a href=\"https:\/\/eurossig.eu\/eurossig\/summer-school-impressions\/pictures-and-archives\/2023-edition\/fellows-2023\/karolina-larsson\/\"><img decoding=\"async\" src=\"https:\/\/eurossig.eu\/eurossig\/wp-content\/uploads\/2023\/07\/Karolina-Larsson_2023-1.jpg\" width=\"100\"  alt=\"Karolina Larsson\" \/><\/a><a href=\"https:\/\/eurossig.eu\/eurossig\/summer-school-impressions\/pictures-and-archives\/2023-edition\/fellows-2023\/kasian-emmanuel\/\"><img decoding=\"async\" src=\"https:\/\/eurossig.eu\/eurossig\/wp-content\/uploads\/2023\/07\/Kasian-Emmanuel_2023.jpg\" width=\"100\"  alt=\"Kasian Emmanuel\" \/><\/a><\/div><\/noscript><\/div><\/p>\n","protected":false},"excerpt":{"rendered":"<p>&nbsp;<\/p>\n","protected":false},"author":1,"featured_media":0,"parent":12201,"menu_order":0,"comment_status":"closed","ping_status":"closed","template":"eurossig_archiv_subpage.php","meta":{"ngg_post_thumbnail":0,"footnotes":""},"class_list":["post-12216","page","type-page","status-publish","hentry"],"_links":{"self":[{"href":"https:\/\/eurossig.eu\/eurossig\/wp-json\/wp\/v2\/pages\/12216","targetHints":{"allow":["GET"]}}],"collection":[{"href":"https:\/\/eurossig.eu\/eurossig\/wp-json\/wp\/v2\/pages"}],"about":[{"href":"https:\/\/eurossig.eu\/eurossig\/wp-json\/wp\/v2\/types\/page"}],"author":[{"embeddable":true,"href":"https:\/\/eurossig.eu\/eurossig\/wp-json\/wp\/v2\/users\/1"}],"replies":[{"embeddable":true,"href":"https:\/\/eurossig.eu\/eurossig\/wp-json\/wp\/v2\/comments?post=12216"}],"version-history":[{"count":4,"href":"https:\/\/eurossig.eu\/eurossig\/wp-json\/wp\/v2\/pages\/12216\/revisions"}],"predecessor-version":[{"id":12405,"href":"https:\/\/eurossig.eu\/eurossig\/wp-json\/wp\/v2\/pages\/12216\/revisions\/12405"}],"up":[{"embeddable":true,"href":"https:\/\/eurossig.eu\/eurossig\/wp-json\/wp\/v2\/pages\/12201"}],"wp:attachment":[{"href":"https:\/\/eurossig.eu\/eurossig\/wp-json\/wp\/v2\/media?parent=12216"}],"curies":[{"name":"wp","href":"https:\/\/api.w.org\/{rel}","templated":true}]}}