{"id":13919,"date":"2024-08-02T14:02:29","date_gmt":"2024-08-02T12:02:29","guid":{"rendered":"https:\/\/eurossig.eu\/eurossig\/?page_id=13919"},"modified":"2024-12-28T17:48:53","modified_gmt":"2024-12-28T16:48:53","slug":"fellows-reports-2024","status":"publish","type":"page","link":"https:\/\/eurossig.eu\/eurossig\/summer-school-impressions\/pictures-and-archives\/2024-edition\/fellows-reports-2024\/","title":{"rendered":"Fellows reports 2024"},"content":{"rendered":"<ul>\n<li><a href=\"https:\/\/eurossig.eu\/eurossig\/summer-school-impressions\/pictures-and-archives\/2024-edition\/fellows-2024\/alexey-trepykhalin\/\">Alexey Trepykhalin (United States of America)<\/a><em> &#8211; ICANN org<\/em><\/li>\n<li><a href=\"https:\/\/eurossig.eu\/eurossig\/summer-school-impressions\/pictures-and-archives\/2024-edition\/fellows-2024\/dewa-ayu-diah-angendari\/\">Dewa Ayu Diah Angendari (Indonesia)<\/a><em> &#8211; Leiden University<\/em><\/li>\n<li><a href=\"https:\/\/eurossig.eu\/eurossig\/summer-school-impressions\/pictures-and-archives\/2024-edition\/fellows-2024\/dominic-sepenu\/\">Dominic Sepenu (Ghana)<\/a><em> &#8211; Global Forum on Cyber Expertise<\/em><\/li>\n<li><a href=\"https:\/\/eurossig.eu\/eurossig\/summer-school-impressions\/pictures-and-archives\/2024-edition\/fellows-2024\/jose-carmelo-cueto\/\">Jose Carmelo Cueto (Philippines)<\/a><em> &#8211; Department of Information and Communications Technology<\/em><\/li>\n<li><a href=\"https:\/\/eurossig.eu\/eurossig\/summer-school-impressions\/pictures-and-archives\/2024-edition\/fellows-2024\/jose-renato-laranjeira\/\">Jos\u00e9 Renato Laranjeira (Brazil)<\/a> &#8211; Universit\u00e4t Bonn \/ <em>Laborat\u00f3rio de Pol\u00edticas P\u00fablicas e Internet &#8211; LAPIN<\/em><\/li>\n<li><a href=\"https:\/\/eurossig.eu\/eurossig\/summer-school-impressions\/pictures-and-archives\/2024-edition\/fellows-2024\/julie-michel\/\">Julie Michel (Belgium)<\/a><em> &#8211; European Registry for Internet Domains, EURid<\/em><\/li>\n<li><a href=\"https:\/\/eurossig.eu\/eurossig\/summer-school-impressions\/pictures-and-archives\/2024-edition\/fellows-2024\/seth-adjei-gyimah\/\">Seth Adjei Gyimah (Ghana)<\/a><em> &#8211; University of Ghana<\/em><\/li>\n<li><a href=\"https:\/\/eurossig.eu\/eurossig\/summer-school-impressions\/pictures-and-archives\/2024-edition\/fellows-2024\/svaradiva-anurdea-devi\/\">Svaradiva Anurdea Devi (Indonesia)<\/a> <em>&#8211; University of Malta<\/em><\/li>\n<\/ul>\n","protected":false},"excerpt":{"rendered":"<p>Alexey Trepykhalin (United States of America) &#8211; ICANN org Dewa Ayu Diah Angendari (Indonesia) &#8211; Leiden University Dominic Sepenu (Ghana) &#8211; Global Forum on Cyber Expertise Jose Carmelo Cueto (Philippines) &#8211; Department of Information and Communications Technology Jos\u00e9 Renato Laranjeira (Brazil) &#8211; Universit\u00e4t Bonn \/ Laborat\u00f3rio de Pol\u00edticas P\u00fablicas e Internet &#8211; LAPIN Julie Michel &hellip; <a href=\"https:\/\/eurossig.eu\/eurossig\/summer-school-impressions\/pictures-and-archives\/2024-edition\/fellows-reports-2024\/\" class=\"more-link\">Continue reading<span class=\"screen-reader-text\"> &#8220;Fellows reports 2024&#8221;<\/span><\/a><\/p>\n","protected":false},"author":1,"featured_media":0,"parent":13103,"menu_order":0,"comment_status":"closed","ping_status":"closed","template":"eurossig_archiv_subpage.php","meta":{"ngg_post_thumbnail":0,"footnotes":""},"class_list":["post-13919","page","type-page","status-publish","hentry"],"_links":{"self":[{"href":"https:\/\/eurossig.eu\/eurossig\/wp-json\/wp\/v2\/pages\/13919","targetHints":{"allow":["GET"]}}],"collection":[{"href":"https:\/\/eurossig.eu\/eurossig\/wp-json\/wp\/v2\/pages"}],"about":[{"href":"https:\/\/eurossig.eu\/eurossig\/wp-json\/wp\/v2\/types\/page"}],"author":[{"embeddable":true,"href":"https:\/\/eurossig.eu\/eurossig\/wp-json\/wp\/v2\/users\/1"}],"replies":[{"embeddable":true,"href":"https:\/\/eurossig.eu\/eurossig\/wp-json\/wp\/v2\/comments?post=13919"}],"version-history":[{"count":1,"href":"https:\/\/eurossig.eu\/eurossig\/wp-json\/wp\/v2\/pages\/13919\/revisions"}],"predecessor-version":[{"id":13920,"href":"https:\/\/eurossig.eu\/eurossig\/wp-json\/wp\/v2\/pages\/13919\/revisions\/13920"}],"up":[{"embeddable":true,"href":"https:\/\/eurossig.eu\/eurossig\/wp-json\/wp\/v2\/pages\/13103"}],"wp:attachment":[{"href":"https:\/\/eurossig.eu\/eurossig\/wp-json\/wp\/v2\/media?parent=13919"}],"curies":[{"name":"wp","href":"https:\/\/api.w.org\/{rel}","templated":true}]}}