{"id":13963,"date":"2024-12-28T16:30:12","date_gmt":"2024-12-28T15:30:12","guid":{"rendered":"https:\/\/eurossig.eu\/eurossig\/?page_id=13963"},"modified":"2025-12-19T00:26:49","modified_gmt":"2025-12-18T23:26:49","slug":"fellows-2025","status":"publish","type":"page","link":"https:\/\/eurossig.eu\/eurossig\/summer-school-impressions\/pictures-and-archives\/2025-edition\/fellows-2025\/","title":{"rendered":"Fellows 2025"},"content":{"rendered":"<p>&nbsp;<br \/>\n<img decoding=\"async\" class=\"aligncenter\" src=\"https:\/\/eurossig.eu\/eurossig\/wp-content\/uploads\/2016\/07\/Weltkarte_02_umriss.png\" alt=\"Weltkarte_02\" width=\"100%\"><br \/>\n\n<script type=\"text\/javascript\">\njQuery(document).ready(function() { \nvar flowplus_1 = new flowplus(1);\nflowplus_1.init( {autoRotate: \"off\", autoRotatepause: 3000, startImg: 1, sameWindow: true, aspectRatio: 1.9, reflectPC: 0, circular: true, focus: 4, sliderStyle: \"baseline\"} );\n});\n<\/script>\n\n<div id=\"wpif2_flowplus_1\" class=\"wpif2_flowplus\" style=\"background-color: #ffffff; color: #2d2d2d; width: 60%\">\n<div id=\"wpif2_loading_1\" class=\"wpif2_loading\" style=\"color: #2d2d2d;\">\n<b>Loading Images<\/b><br\/>\n<img loading=\"lazy\" decoding=\"async\" src=\"https:\/\/eurossig.eu\/eurossig\/wp-content\/plugins\/wp-imageflow2\/img\/loading.gif\" width=\"208\" height=\"13\" alt=\"wpif2_loading\" \/>\n<\/div>\n<div id=\"wpif2_images_1\" class=\"wpif2_images\">\n<div class=\"wpif2_image_block\"><img decoding=\"async\" src=\"https:\/\/eurossig.eu\/eurossig\/wp-content\/uploads\/2025\/07\/Abdias-Zambrano_2025.jpg\" data-link=\"https:\/\/eurossig.eu\/eurossig\/summer-school-impressions\/pictures-and-archives\/2025-edition\/fellows-2025\/abdias-zambrano\/\" alt=\"Abdias Zambrano\" \/><\/div><div class=\"wpif2_image_block\"><img decoding=\"async\" src=\"https:\/\/eurossig.eu\/eurossig\/wp-content\/uploads\/2025\/07\/Afrasiyab-Khan_2025.jpg\" data-link=\"https:\/\/eurossig.eu\/eurossig\/summer-school-impressions\/pictures-and-archives\/2025-edition\/fellows-2025\/afrasiyab-khan\/\" alt=\"Afrasiyab Khan\" \/><\/div><div class=\"wpif2_image_block\"><img decoding=\"async\" src=\"https:\/\/eurossig.eu\/eurossig\/wp-content\/uploads\/2025\/07\/Anahit-Hakobyan_2025.jpg\" data-link=\"https:\/\/eurossig.eu\/eurossig\/summer-school-impressions\/pictures-and-archives\/2025-edition\/fellows-2025\/anahit-hakobyan\/\" alt=\"Anahit Hakobyan\" \/><\/div><div class=\"wpif2_image_block\"><img decoding=\"async\" src=\"https:\/\/eurossig.eu\/eurossig\/wp-content\/uploads\/2025\/07\/Ana-Li_2025.jpg\" data-link=\"https:\/\/eurossig.eu\/eurossig\/summer-school-impressions\/pictures-and-archives\/2025-edition\/fellows-2025\/ana-li\/\" alt=\"Ana Li\" \/><\/div><div class=\"wpif2_image_block\"><img decoding=\"async\" src=\"https:\/\/eurossig.eu\/eurossig\/wp-content\/uploads\/2025\/07\/Aneta-Szczepankiewicz_2025.jpg\" data-link=\"https:\/\/eurossig.eu\/eurossig\/summer-school-impressions\/pictures-and-archives\/2025-edition\/fellows-2025\/aneta-szczepankiewicz\/\" alt=\"Aneta Szczepankiewicz\" \/><\/div><div class=\"wpif2_image_block\"><img decoding=\"async\" src=\"https:\/\/eurossig.eu\/eurossig\/wp-content\/uploads\/2025\/07\/Angel-Ares-Arias_2025.jpg\" data-link=\"https:\/\/eurossig.eu\/eurossig\/summer-school-impressions\/pictures-and-archives\/2025-edition\/fellows-2025\/angel-ares-arias\/\" alt=\"Angel Ares Arias\" \/><\/div><div class=\"wpif2_image_block\"><img decoding=\"async\" src=\"https:\/\/eurossig.eu\/eurossig\/wp-content\/uploads\/2025\/07\/Anqi-Wang_2025.jpg\" data-link=\"https:\/\/eurossig.eu\/eurossig\/summer-school-impressions\/pictures-and-archives\/2025-edition\/fellows-2025\/anqi-wang\/\" alt=\"Anqi Wang\" \/><\/div><div class=\"wpif2_image_block\"><img decoding=\"async\" src=\"https:\/\/eurossig.eu\/eurossig\/wp-content\/uploads\/2025\/07\/Cameron-McTernan_2025.jpg\" data-link=\"https:\/\/eurossig.eu\/eurossig\/summer-school-impressions\/pictures-and-archives\/2025-edition\/fellows-2025\/cameron-mcternan\/\" alt=\"Cameron McTernan\" \/><\/div><div class=\"wpif2_image_block\"><img decoding=\"async\" src=\"https:\/\/eurossig.eu\/eurossig\/wp-content\/uploads\/2025\/07\/Flora-Santana_2025.jpg\" data-link=\"https:\/\/eurossig.eu\/eurossig\/summer-school-impressions\/pictures-and-archives\/2025-edition\/fellows-2025\/flora-santana\/\" alt=\"Flora Santana\" \/><\/div><div class=\"wpif2_image_block\"><img decoding=\"async\" src=\"https:\/\/eurossig.eu\/eurossig\/wp-content\/uploads\/2025\/07\/Georgette-Mirekua-Kissi_2025.jpg\" data-link=\"https:\/\/eurossig.eu\/eurossig\/summer-school-impressions\/pictures-and-archives\/2025-edition\/fellows-2025\/georgette-mirekua-kissi\/\" alt=\"Georgette Mirekua Kissi\" \/><\/div><div class=\"wpif2_image_block\"><img decoding=\"async\" src=\"https:\/\/eurossig.eu\/eurossig\/wp-content\/uploads\/2025\/07\/Lara-Oliveira_2025.jpg\" data-link=\"https:\/\/eurossig.eu\/eurossig\/summer-school-impressions\/pictures-and-archives\/2025-edition\/fellows-2025\/lara-oliveira\/\" alt=\"Lara Oliveira\" \/><\/div><div class=\"wpif2_image_block\"><img decoding=\"async\" src=\"https:\/\/eurossig.eu\/eurossig\/wp-content\/uploads\/2025\/07\/Leticia-Lazzarin_2025.jpg\" data-link=\"https:\/\/eurossig.eu\/eurossig\/summer-school-impressions\/pictures-and-archives\/2025-edition\/fellows-2025\/leticia-lazzarin\/\" alt=\"Leticia Lazzarin\" \/><\/div><div class=\"wpif2_image_block\"><img decoding=\"async\" src=\"https:\/\/eurossig.eu\/eurossig\/wp-content\/uploads\/2025\/07\/Maaike-Veenstra_2025.jpg\" data-link=\"https:\/\/eurossig.eu\/eurossig\/summer-school-impressions\/pictures-and-archives\/2025-edition\/fellows-2025\/maaike-veenstra\/\" alt=\"Maaike Veenstra\" \/><\/div><div class=\"wpif2_image_block\"><img decoding=\"async\" src=\"https:\/\/eurossig.eu\/eurossig\/wp-content\/uploads\/2025\/07\/Maitha-Aljamri_2025.jpg\" data-link=\"https:\/\/eurossig.eu\/eurossig\/summer-school-impressions\/pictures-and-archives\/2025-edition\/fellows-2025\/maitha-aljamri\/\" alt=\"Maitha Aljamri\" \/><\/div><div class=\"wpif2_image_block\"><img decoding=\"async\" src=\"https:\/\/eurossig.eu\/eurossig\/wp-content\/uploads\/2025\/07\/Natalie-Tercova_2025.jpg\" data-link=\"https:\/\/eurossig.eu\/eurossig\/summer-school-impressions\/pictures-and-archives\/2025-edition\/fellows-2025\/natalie-tercova\/\" alt=\"Nat\u00e1lie Ter\u010dov\u00e1\" \/><\/div><div class=\"wpif2_image_block\"><img decoding=\"async\" src=\"https:\/\/eurossig.eu\/eurossig\/wp-content\/uploads\/2025\/07\/Nour-Alfalasi_2025.jpg\" data-link=\"https:\/\/eurossig.eu\/eurossig\/summer-school-impressions\/pictures-and-archives\/2025-edition\/fellows-2025\/nour-alfalasi\/\" alt=\"Nour Alfalasi\" \/><\/div><div class=\"wpif2_image_block\"><img decoding=\"async\" src=\"https:\/\/eurossig.eu\/eurossig\/wp-content\/uploads\/2025\/07\/Olena-Kushnir_2025.jpg\" data-link=\"https:\/\/eurossig.eu\/eurossig\/summer-school-impressions\/pictures-and-archives\/2025-edition\/fellows-2025\/olena-kushnir\/\" alt=\"Olena Kushnir\" \/><\/div><div class=\"wpif2_image_block\"><img decoding=\"async\" src=\"https:\/\/eurossig.eu\/eurossig\/wp-content\/uploads\/2025\/07\/Poshta-Bahadur-KC_2025-1.jpg\" data-link=\"https:\/\/eurossig.eu\/eurossig\/summer-school-impressions\/pictures-and-archives\/2025-edition\/fellows-2025\/poshta-bahadur-kc\/\" alt=\"Poshta Bahadur, KC\" \/><\/div><div class=\"wpif2_image_block\"><img decoding=\"async\" src=\"https:\/\/eurossig.eu\/eurossig\/wp-content\/uploads\/2025\/07\/Roshatey-Jannat_2025.jpg\" data-link=\"https:\/\/eurossig.eu\/eurossig\/summer-school-impressions\/pictures-and-archives\/2025-edition\/fellows-2025\/roshatey-jannat\/\" alt=\"Roshatey Jannat\" \/><\/div><div class=\"wpif2_image_block\"><img decoding=\"async\" src=\"https:\/\/eurossig.eu\/eurossig\/wp-content\/uploads\/2025\/07\/Ruslan-Nikiforov_2025.jpg\" data-link=\"https:\/\/eurossig.eu\/eurossig\/summer-school-impressions\/pictures-and-archives\/2025-edition\/fellows-2025\/ruslan-nikiforov\/\" alt=\"Ruslan Nikiforov\" \/><\/div><div class=\"wpif2_image_block\"><img decoding=\"async\" src=\"https:\/\/eurossig.eu\/eurossig\/wp-content\/uploads\/2025\/07\/Salma-Abbass_2025.jpg\" data-link=\"https:\/\/eurossig.eu\/eurossig\/summer-school-impressions\/pictures-and-archives\/2025-edition\/fellows-2025\/salma-abbass\/\" alt=\"Salma Abbass\" \/><\/div><div class=\"wpif2_image_block\"><img decoding=\"async\" src=\"https:\/\/eurossig.eu\/eurossig\/wp-content\/uploads\/2025\/07\/Shan-Ali_2025.jpg\" data-link=\"https:\/\/eurossig.eu\/eurossig\/summer-school-impressions\/pictures-and-archives\/2025-edition\/fellows-2025\/shan-ali\/\" alt=\"Shan Ali\" \/><\/div><div class=\"wpif2_image_block\"><img decoding=\"async\" src=\"https:\/\/eurossig.eu\/eurossig\/wp-content\/uploads\/2025\/07\/Sophia-Longwe_2025.jpg\" data-link=\"https:\/\/eurossig.eu\/eurossig\/summer-school-impressions\/pictures-and-archives\/2025-edition\/fellows-2025\/sophia-longwe\/\" alt=\"Sophia Longwe\" \/><\/div><div class=\"wpif2_image_block\"><img decoding=\"async\" src=\"https:\/\/eurossig.eu\/eurossig\/wp-content\/uploads\/2025\/07\/Tania-Voinea_2025.jpg\" data-link=\"https:\/\/eurossig.eu\/eurossig\/summer-school-impressions\/pictures-and-archives\/2025-edition\/fellows-2025\/tania-voinea\/\" alt=\"Tania Voinea\" \/><\/div><div class=\"wpif2_image_block\"><img decoding=\"async\" src=\"https:\/\/eurossig.eu\/eurossig\/wp-content\/uploads\/2025\/07\/Vedant-Mehra_2025.jpg\" data-link=\"https:\/\/eurossig.eu\/eurossig\/summer-school-impressions\/pictures-and-archives\/2025-edition\/fellows-2025\/vedant-mehra\/\" alt=\"Vedant Mehra\" \/><\/div><div class=\"wpif2_image_block\"><img decoding=\"async\" src=\"https:\/\/eurossig.eu\/eurossig\/wp-content\/uploads\/2025\/07\/Baratang-Miya_2025.jpg\" data-link=\"https:\/\/eurossig.eu\/eurossig\/summer-school-impressions\/pictures-and-archives\/2025-edition\/fellows-2025\/baratang-miya\/\" alt=\"Baratang Miya\" \/><\/div><div class=\"wpif2_image_block\"><img decoding=\"async\" src=\"https:\/\/eurossig.eu\/eurossig\/wp-content\/uploads\/2025\/07\/Mariam-Gongladze_2025.jpg\" data-link=\"https:\/\/eurossig.eu\/eurossig\/summer-school-impressions\/pictures-and-archives\/2025-edition\/fellows-2025\/mariam-gongladze\/\" alt=\"Mariam Gongladze\" \/><\/div><div class=\"wpif2_image_block\"><img decoding=\"async\" src=\"https:\/\/eurossig.eu\/eurossig\/wp-content\/uploads\/2025\/07\/Ellie-McDonald_2025.jpg\" data-link=\"https:\/\/eurossig.eu\/eurossig\/summer-school-impressions\/pictures-and-archives\/2025-edition\/fellows-2025\/ellie-mcdonald\/\" alt=\"Ellie McDonald\" \/><\/div><\/div>\n<div id=\"wpif2_captions_1\" class=\"wpif2_captions\"><\/div>\n<div id=\"wpif2_scrollbar_1\" class=\"wpif2_scrollbar black\"><div id=\"wpif2_slider_1\" class=\"wpif2_slider\">\n<\/div><\/div>\n<noscript><div id=\"wpif2_flowplus_noscript_1\" class=\"wpif2_flowplus_noscript\"><a href=\"https:\/\/eurossig.eu\/eurossig\/summer-school-impressions\/pictures-and-archives\/2025-edition\/fellows-2025\/abdias-zambrano\/\"><img decoding=\"async\" src=\"https:\/\/eurossig.eu\/eurossig\/wp-content\/uploads\/2025\/07\/Abdias-Zambrano_2025.jpg\" width=\"100\"  alt=\"Abdias Zambrano\" \/><\/a><a href=\"https:\/\/eurossig.eu\/eurossig\/summer-school-impressions\/pictures-and-archives\/2025-edition\/fellows-2025\/afrasiyab-khan\/\"><img decoding=\"async\" src=\"https:\/\/eurossig.eu\/eurossig\/wp-content\/uploads\/2025\/07\/Afrasiyab-Khan_2025.jpg\" width=\"100\"  alt=\"Afrasiyab Khan\" \/><\/a><a href=\"https:\/\/eurossig.eu\/eurossig\/summer-school-impressions\/pictures-and-archives\/2025-edition\/fellows-2025\/anahit-hakobyan\/\"><img decoding=\"async\" src=\"https:\/\/eurossig.eu\/eurossig\/wp-content\/uploads\/2025\/07\/Anahit-Hakobyan_2025.jpg\" width=\"100\"  alt=\"Anahit Hakobyan\" \/><\/a><a href=\"https:\/\/eurossig.eu\/eurossig\/summer-school-impressions\/pictures-and-archives\/2025-edition\/fellows-2025\/ana-li\/\"><img decoding=\"async\" src=\"https:\/\/eurossig.eu\/eurossig\/wp-content\/uploads\/2025\/07\/Ana-Li_2025.jpg\" width=\"100\"  alt=\"Ana Li\" \/><\/a><a href=\"https:\/\/eurossig.eu\/eurossig\/summer-school-impressions\/pictures-and-archives\/2025-edition\/fellows-2025\/aneta-szczepankiewicz\/\"><img decoding=\"async\" src=\"https:\/\/eurossig.eu\/eurossig\/wp-content\/uploads\/2025\/07\/Aneta-Szczepankiewicz_2025.jpg\" width=\"100\"  alt=\"Aneta Szczepankiewicz\" \/><\/a><a href=\"https:\/\/eurossig.eu\/eurossig\/summer-school-impressions\/pictures-and-archives\/2025-edition\/fellows-2025\/angel-ares-arias\/\"><img decoding=\"async\" src=\"https:\/\/eurossig.eu\/eurossig\/wp-content\/uploads\/2025\/07\/Angel-Ares-Arias_2025.jpg\" width=\"100\"  alt=\"Angel Ares Arias\" \/><\/a><a href=\"https:\/\/eurossig.eu\/eurossig\/summer-school-impressions\/pictures-and-archives\/2025-edition\/fellows-2025\/anqi-wang\/\"><img decoding=\"async\" src=\"https:\/\/eurossig.eu\/eurossig\/wp-content\/uploads\/2025\/07\/Anqi-Wang_2025.jpg\" width=\"100\"  alt=\"Anqi Wang\" \/><\/a><a href=\"https:\/\/eurossig.eu\/eurossig\/summer-school-impressions\/pictures-and-archives\/2025-edition\/fellows-2025\/cameron-mcternan\/\"><img decoding=\"async\" src=\"https:\/\/eurossig.eu\/eurossig\/wp-content\/uploads\/2025\/07\/Cameron-McTernan_2025.jpg\" width=\"100\"  alt=\"Cameron McTernan\" \/><\/a><a href=\"https:\/\/eurossig.eu\/eurossig\/summer-school-impressions\/pictures-and-archives\/2025-edition\/fellows-2025\/flora-santana\/\"><img decoding=\"async\" src=\"https:\/\/eurossig.eu\/eurossig\/wp-content\/uploads\/2025\/07\/Flora-Santana_2025.jpg\" width=\"100\"  alt=\"Flora Santana\" \/><\/a><a href=\"https:\/\/eurossig.eu\/eurossig\/summer-school-impressions\/pictures-and-archives\/2025-edition\/fellows-2025\/georgette-mirekua-kissi\/\"><img decoding=\"async\" src=\"https:\/\/eurossig.eu\/eurossig\/wp-content\/uploads\/2025\/07\/Georgette-Mirekua-Kissi_2025.jpg\" width=\"100\"  alt=\"Georgette Mirekua Kissi\" \/><\/a><a href=\"https:\/\/eurossig.eu\/eurossig\/summer-school-impressions\/pictures-and-archives\/2025-edition\/fellows-2025\/lara-oliveira\/\"><img decoding=\"async\" src=\"https:\/\/eurossig.eu\/eurossig\/wp-content\/uploads\/2025\/07\/Lara-Oliveira_2025.jpg\" width=\"100\"  alt=\"Lara Oliveira\" \/><\/a><a href=\"https:\/\/eurossig.eu\/eurossig\/summer-school-impressions\/pictures-and-archives\/2025-edition\/fellows-2025\/leticia-lazzarin\/\"><img decoding=\"async\" src=\"https:\/\/eurossig.eu\/eurossig\/wp-content\/uploads\/2025\/07\/Leticia-Lazzarin_2025.jpg\" width=\"100\"  alt=\"Leticia Lazzarin\" \/><\/a><a href=\"https:\/\/eurossig.eu\/eurossig\/summer-school-impressions\/pictures-and-archives\/2025-edition\/fellows-2025\/maaike-veenstra\/\"><img decoding=\"async\" src=\"https:\/\/eurossig.eu\/eurossig\/wp-content\/uploads\/2025\/07\/Maaike-Veenstra_2025.jpg\" width=\"100\"  alt=\"Maaike Veenstra\" \/><\/a><a href=\"https:\/\/eurossig.eu\/eurossig\/summer-school-impressions\/pictures-and-archives\/2025-edition\/fellows-2025\/maitha-aljamri\/\"><img decoding=\"async\" src=\"https:\/\/eurossig.eu\/eurossig\/wp-content\/uploads\/2025\/07\/Maitha-Aljamri_2025.jpg\" width=\"100\"  alt=\"Maitha Aljamri\" \/><\/a><a href=\"https:\/\/eurossig.eu\/eurossig\/summer-school-impressions\/pictures-and-archives\/2025-edition\/fellows-2025\/natalie-tercova\/\"><img decoding=\"async\" src=\"https:\/\/eurossig.eu\/eurossig\/wp-content\/uploads\/2025\/07\/Natalie-Tercova_2025.jpg\" width=\"100\"  alt=\"Nat\u00e1lie Ter\u010dov\u00e1\" \/><\/a><a href=\"https:\/\/eurossig.eu\/eurossig\/summer-school-impressions\/pictures-and-archives\/2025-edition\/fellows-2025\/nour-alfalasi\/\"><img decoding=\"async\" src=\"https:\/\/eurossig.eu\/eurossig\/wp-content\/uploads\/2025\/07\/Nour-Alfalasi_2025.jpg\" width=\"100\"  alt=\"Nour Alfalasi\" \/><\/a><a href=\"https:\/\/eurossig.eu\/eurossig\/summer-school-impressions\/pictures-and-archives\/2025-edition\/fellows-2025\/olena-kushnir\/\"><img decoding=\"async\" src=\"https:\/\/eurossig.eu\/eurossig\/wp-content\/uploads\/2025\/07\/Olena-Kushnir_2025.jpg\" width=\"100\"  alt=\"Olena Kushnir\" \/><\/a><a href=\"https:\/\/eurossig.eu\/eurossig\/summer-school-impressions\/pictures-and-archives\/2025-edition\/fellows-2025\/poshta-bahadur-kc\/\"><img decoding=\"async\" src=\"https:\/\/eurossig.eu\/eurossig\/wp-content\/uploads\/2025\/07\/Poshta-Bahadur-KC_2025-1.jpg\" width=\"100\"  alt=\"Poshta Bahadur, KC\" \/><\/a><a href=\"https:\/\/eurossig.eu\/eurossig\/summer-school-impressions\/pictures-and-archives\/2025-edition\/fellows-2025\/roshatey-jannat\/\"><img decoding=\"async\" src=\"https:\/\/eurossig.eu\/eurossig\/wp-content\/uploads\/2025\/07\/Roshatey-Jannat_2025.jpg\" width=\"100\"  alt=\"Roshatey Jannat\" \/><\/a><a href=\"https:\/\/eurossig.eu\/eurossig\/summer-school-impressions\/pictures-and-archives\/2025-edition\/fellows-2025\/ruslan-nikiforov\/\"><img decoding=\"async\" src=\"https:\/\/eurossig.eu\/eurossig\/wp-content\/uploads\/2025\/07\/Ruslan-Nikiforov_2025.jpg\" width=\"100\"  alt=\"Ruslan Nikiforov\" \/><\/a><a href=\"https:\/\/eurossig.eu\/eurossig\/summer-school-impressions\/pictures-and-archives\/2025-edition\/fellows-2025\/salma-abbass\/\"><img decoding=\"async\" src=\"https:\/\/eurossig.eu\/eurossig\/wp-content\/uploads\/2025\/07\/Salma-Abbass_2025.jpg\" width=\"100\"  alt=\"Salma Abbass\" \/><\/a><a href=\"https:\/\/eurossig.eu\/eurossig\/summer-school-impressions\/pictures-and-archives\/2025-edition\/fellows-2025\/shan-ali\/\"><img decoding=\"async\" src=\"https:\/\/eurossig.eu\/eurossig\/wp-content\/uploads\/2025\/07\/Shan-Ali_2025.jpg\" width=\"100\"  alt=\"Shan Ali\" \/><\/a><a href=\"https:\/\/eurossig.eu\/eurossig\/summer-school-impressions\/pictures-and-archives\/2025-edition\/fellows-2025\/sophia-longwe\/\"><img decoding=\"async\" src=\"https:\/\/eurossig.eu\/eurossig\/wp-content\/uploads\/2025\/07\/Sophia-Longwe_2025.jpg\" width=\"100\"  alt=\"Sophia Longwe\" \/><\/a><a href=\"https:\/\/eurossig.eu\/eurossig\/summer-school-impressions\/pictures-and-archives\/2025-edition\/fellows-2025\/tania-voinea\/\"><img decoding=\"async\" src=\"https:\/\/eurossig.eu\/eurossig\/wp-content\/uploads\/2025\/07\/Tania-Voinea_2025.jpg\" width=\"100\"  alt=\"Tania Voinea\" \/><\/a><a href=\"https:\/\/eurossig.eu\/eurossig\/summer-school-impressions\/pictures-and-archives\/2025-edition\/fellows-2025\/vedant-mehra\/\"><img decoding=\"async\" src=\"https:\/\/eurossig.eu\/eurossig\/wp-content\/uploads\/2025\/07\/Vedant-Mehra_2025.jpg\" width=\"100\"  alt=\"Vedant Mehra\" \/><\/a><a href=\"https:\/\/eurossig.eu\/eurossig\/summer-school-impressions\/pictures-and-archives\/2025-edition\/fellows-2025\/baratang-miya\/\"><img decoding=\"async\" src=\"https:\/\/eurossig.eu\/eurossig\/wp-content\/uploads\/2025\/07\/Baratang-Miya_2025.jpg\" width=\"100\"  alt=\"Baratang Miya\" \/><\/a><a href=\"https:\/\/eurossig.eu\/eurossig\/summer-school-impressions\/pictures-and-archives\/2025-edition\/fellows-2025\/mariam-gongladze\/\"><img decoding=\"async\" src=\"https:\/\/eurossig.eu\/eurossig\/wp-content\/uploads\/2025\/07\/Mariam-Gongladze_2025.jpg\" width=\"100\"  alt=\"Mariam Gongladze\" \/><\/a><a href=\"https:\/\/eurossig.eu\/eurossig\/summer-school-impressions\/pictures-and-archives\/2025-edition\/fellows-2025\/ellie-mcdonald\/\"><img decoding=\"async\" src=\"https:\/\/eurossig.eu\/eurossig\/wp-content\/uploads\/2025\/07\/Ellie-McDonald_2025.jpg\" width=\"100\"  alt=\"Ellie McDonald\" \/><\/a><\/div><\/noscript><\/div><\/p>\n","protected":false},"excerpt":{"rendered":"<p>&nbsp;<\/p>\n","protected":false},"author":1,"featured_media":0,"parent":13959,"menu_order":0,"comment_status":"closed","ping_status":"closed","template":"eurossig_archiv_subpage.php","meta":{"ngg_post_thumbnail":0,"footnotes":""},"class_list":["post-13963","page","type-page","status-publish","hentry"],"_links":{"self":[{"href":"https:\/\/eurossig.eu\/eurossig\/wp-json\/wp\/v2\/pages\/13963","targetHints":{"allow":["GET"]}}],"collection":[{"href":"https:\/\/eurossig.eu\/eurossig\/wp-json\/wp\/v2\/pages"}],"about":[{"href":"https:\/\/eurossig.eu\/eurossig\/wp-json\/wp\/v2\/types\/page"}],"author":[{"embeddable":true,"href":"https:\/\/eurossig.eu\/eurossig\/wp-json\/wp\/v2\/users\/1"}],"replies":[{"embeddable":true,"href":"https:\/\/eurossig.eu\/eurossig\/wp-json\/wp\/v2\/comments?post=13963"}],"version-history":[{"count":5,"href":"https:\/\/eurossig.eu\/eurossig\/wp-json\/wp\/v2\/pages\/13963\/revisions"}],"predecessor-version":[{"id":14307,"href":"https:\/\/eurossig.eu\/eurossig\/wp-json\/wp\/v2\/pages\/13963\/revisions\/14307"}],"up":[{"embeddable":true,"href":"https:\/\/eurossig.eu\/eurossig\/wp-json\/wp\/v2\/pages\/13959"}],"wp:attachment":[{"href":"https:\/\/eurossig.eu\/eurossig\/wp-json\/wp\/v2\/media?parent=13963"}],"curies":[{"name":"wp","href":"https:\/\/api.w.org\/{rel}","templated":true}]}}