{"id":31,"date":"2016-04-28T13:29:32","date_gmt":"2016-04-28T11:29:32","guid":{"rendered":"https:\/\/eurossig.eu\/eurossig\/?page_id=31"},"modified":"2016-12-20T14:12:53","modified_gmt":"2016-12-20T13:12:53","slug":"fellows","status":"publish","type":"page","link":"https:\/\/eurossig.eu\/eurossig\/summer-school-impressions\/pictures-and-archives\/2016-edition\/fellows\/","title":{"rendered":"Fellows 2016"},"content":{"rendered":"<p><em>Confirmed fellows will be listed here starting in May 2016.<\/em><\/p>\n<div class=\"flowplus1-container\"><img decoding=\"async\" class=\"aligncenter\" src=\"https:\/\/eurossig.eu\/eurossig\/wp-content\/uploads\/2016\/07\/Weltkarte_02_umriss.png\" alt=\"Weltkarte_02\" width=\"100%\" \/><br \/>\n\n<script type=\"text\/javascript\">\njQuery(document).ready(function() { \nvar flowplus_1 = new flowplus(1);\nflowplus_1.init( {autoRotate: \"off\", autoRotatepause: 3000, startImg: 1, sameWindow: true, aspectRatio: 1.9, reflectPC: 0, circular: true, focus: 4, sliderStyle: \"baseline\"} );\n});\n<\/script>\n\n<div id=\"wpif2_flowplus_1\" class=\"wpif2_flowplus\" style=\"background-color: #ffffff; color: #2d2d2d; width: 60%\">\n<div id=\"wpif2_loading_1\" class=\"wpif2_loading\" style=\"color: #2d2d2d;\">\n<b>Loading Images<\/b><br\/>\n<img loading=\"lazy\" decoding=\"async\" src=\"https:\/\/eurossig.eu\/eurossig\/wp-content\/plugins\/wp-imageflow2\/img\/loading.gif\" width=\"208\" height=\"13\" alt=\"wpif2_loading\" \/>\n<\/div>\n<div id=\"wpif2_images_1\" class=\"wpif2_images\">\n<div class=\"wpif2_image_block\"><img decoding=\"async\" src=\"https:\/\/eurossig.eu\/eurossig\/wp-content\/uploads\/2016\/07\/Adela.jpg\" data-link=\"https:\/\/eurossig.eu\/eurossig\/summer-school-impressions\/pictures-and-archives\/2016-edition\/fellows\/adela-goberna-argentina\/\" alt=\"Adela Goberna \u2013 Argentina\" \/><\/div><div class=\"wpif2_image_block\"><img decoding=\"async\" src=\"https:\/\/eurossig.eu\/eurossig\/wp-content\/uploads\/2016\/07\/Adriatik.jpg\" data-link=\"https:\/\/eurossig.eu\/eurossig\/summer-school-impressions\/pictures-and-archives\/2016-edition\/fellows\/adriatik-allamani-albania\/\" alt=\"Adriatik Allamani \u2013 Albania\" \/><\/div><div class=\"wpif2_image_block\"><img decoding=\"async\" src=\"https:\/\/eurossig.eu\/eurossig\/wp-content\/uploads\/2016\/07\/Alastair.jpg\" data-link=\"https:\/\/eurossig.eu\/eurossig\/summer-school-impressions\/pictures-and-archives\/2016-edition\/fellows\/alastair-strachan-united-kingdom-of-great-britain-and-northern-ireland\/\" alt=\"Alastair Strachan \u2013 United Kingdom of Great Britain and Northern Ireland\" \/><\/div><div class=\"wpif2_image_block\"><img decoding=\"async\" src=\"https:\/\/eurossig.eu\/eurossig\/wp-content\/uploads\/2016\/07\/Ana_Gascon.jpg\" data-link=\"https:\/\/eurossig.eu\/eurossig\/summer-school-impressions\/pictures-and-archives\/2016-edition\/fellows\/ana-gascon-marcen-spain\/\" alt=\"Ana Gasc\u00f3n Marc\u00e9n \u2013 Spain\" \/><\/div><div class=\"wpif2_image_block\"><img decoding=\"async\" src=\"https:\/\/eurossig.eu\/eurossig\/wp-content\/uploads\/2016\/07\/Ariel.jpg\" data-link=\"https:\/\/eurossig.eu\/eurossig\/summer-school-impressions\/pictures-and-archives\/2016-edition\/fellows\/ariel-xinyue-liang-china\/\" alt=\"Ariel Xinyue Liang \u2013 China\" \/><\/div><div class=\"wpif2_image_block\"><img decoding=\"async\" src=\"https:\/\/eurossig.eu\/eurossig\/wp-content\/uploads\/2016\/07\/Bram.jpg\" data-link=\"https:\/\/eurossig.eu\/eurossig\/summer-school-impressions\/pictures-and-archives\/2016-edition\/fellows\/bram-fudzulani-malawi\/\" alt=\"Bram Fudzulani \u2013 Malawi\" \/><\/div><div class=\"wpif2_image_block\"><img decoding=\"async\" src=\"https:\/\/eurossig.eu\/eurossig\/wp-content\/uploads\/2016\/07\/Braun_Sven.jpg\" data-link=\"https:\/\/eurossig.eu\/eurossig\/summer-school-impressions\/pictures-and-archives\/2016-edition\/fellows\/sven-braun-germany\/\" alt=\"Sven Braun \u2013 Germany\" \/><\/div><div class=\"wpif2_image_block\"><img decoding=\"async\" src=\"https:\/\/eurossig.eu\/eurossig\/wp-content\/uploads\/2016\/07\/Carly.jpg\" data-link=\"https:\/\/eurossig.eu\/eurossig\/summer-school-impressions\/pictures-and-archives\/2016-edition\/fellows\/carly-renee-morris-united-kingdom-of-great-britain-and-northern-ireland\/\" alt=\"Carly Ren\u00e9e Morris \u2013 United Kingdom of Great Britain and Northern Ireland\" \/><\/div><div class=\"wpif2_image_block\"><img decoding=\"async\" src=\"https:\/\/eurossig.eu\/eurossig\/wp-content\/uploads\/2016\/07\/Dabrundashvili.jpg\" data-link=\"https:\/\/eurossig.eu\/eurossig\/summer-school-impressions\/pictures-and-archives\/2016-edition\/fellows\/ana-dabrundashvili-georgia\/\" alt=\"Ana Dabrundashvili \u2013 Georgia\" \/><\/div><div class=\"wpif2_image_block\"><img decoding=\"async\" src=\"https:\/\/eurossig.eu\/eurossig\/wp-content\/uploads\/2016\/07\/Gergana.jpg\" data-link=\"https:\/\/eurossig.eu\/eurossig\/summer-school-impressions\/pictures-and-archives\/2016-edition\/fellows\/gergana-petrova-bulgaria\/\" alt=\"Gergana Petrova \u2013 Bulgaria\" \/><\/div><div class=\"wpif2_image_block\"><img decoding=\"async\" src=\"https:\/\/eurossig.eu\/eurossig\/wp-content\/uploads\/2016\/07\/Kamal.jpg\" data-link=\"https:\/\/eurossig.eu\/eurossig\/summer-school-impressions\/pictures-and-archives\/2016-edition\/fellows\/kamal-mammadov-azerbaijan\/\" alt=\"Kamal Mammadov \u2013 Azerbaijan\" \/><\/div><div class=\"wpif2_image_block\"><img decoding=\"async\" src=\"https:\/\/eurossig.eu\/eurossig\/wp-content\/uploads\/2016\/07\/Krishna.jpg\" data-link=\"https:\/\/eurossig.eu\/eurossig\/summer-school-impressions\/pictures-and-archives\/2016-edition\/fellows\/krishna-kumar-india\/\" alt=\"Krishna Kumar \u2013 India\" \/><\/div><div class=\"wpif2_image_block\"><img decoding=\"async\" src=\"https:\/\/eurossig.eu\/eurossig\/wp-content\/uploads\/2016\/07\/Marceline.jpg\" data-link=\"https:\/\/eurossig.eu\/eurossig\/summer-school-impressions\/pictures-and-archives\/2016-edition\/fellows\/marcelina-moraru-republic-of-moldava\/\" alt=\"Marcelina Moraru \u2013 Republic of Moldava\" \/><\/div><div class=\"wpif2_image_block\"><img decoding=\"async\" src=\"https:\/\/eurossig.eu\/eurossig\/wp-content\/uploads\/2016\/07\/Mauricio.jpg\" data-link=\"https:\/\/eurossig.eu\/eurossig\/summer-school-impressions\/pictures-and-archives\/2016-edition\/fellows\/mauricio-galvan-mejia-mexico\/\" alt=\"Mauricio Galvan Mejia \u2013 Mexico\" \/><\/div><div class=\"wpif2_image_block\"><img decoding=\"async\" src=\"https:\/\/eurossig.eu\/eurossig\/wp-content\/uploads\/2016\/07\/Nazgul.jpg\" data-link=\"https:\/\/eurossig.eu\/eurossig\/summer-school-impressions\/pictures-and-archives\/2016-edition\/fellows\/nazgul-kurmanalieva-kyrgyz-republic\/\" alt=\"Nazgul Kurmanalieva \u2013 Kyrgyz Republic\" \/><\/div><div class=\"wpif2_image_block\"><img decoding=\"async\" src=\"https:\/\/eurossig.eu\/eurossig\/wp-content\/uploads\/2016\/07\/Oluoch.jpg\" data-link=\"https:\/\/eurossig.eu\/eurossig\/summer-school-impressions\/pictures-and-archives\/2016-edition\/fellows\/elizabeth-oluoch-do-canto-united-states-of-america\/\" alt=\"Elizabeth Oluoch-Do Canto \u2013 United States of America\" \/><\/div><div class=\"wpif2_image_block\"><img decoding=\"async\" src=\"https:\/\/eurossig.eu\/eurossig\/wp-content\/uploads\/2016\/07\/Schauermann.jpg\" data-link=\"https:\/\/eurossig.eu\/eurossig\/summer-school-impressions\/pictures-and-archives\/2016-edition\/fellows\/elisabeth-schauermann-austria\/\" alt=\"Elisabeth Schauermann \u2013 Austria\" \/><\/div><div class=\"wpif2_image_block\"><img decoding=\"async\" src=\"https:\/\/eurossig.eu\/eurossig\/wp-content\/uploads\/2016\/07\/Segun.jpg\" data-link=\"https:\/\/eurossig.eu\/eurossig\/summer-school-impressions\/pictures-and-archives\/2016-edition\/fellows\/olusegun-olugbile-nigeria\/\" alt=\"Segun Olugbile \u2013 Nigeria\" \/><\/div><div class=\"wpif2_image_block\"><img decoding=\"async\" src=\"https:\/\/eurossig.eu\/eurossig\/wp-content\/uploads\/2016\/07\/Seturi.jpg\" data-link=\"https:\/\/eurossig.eu\/eurossig\/summer-school-impressions\/pictures-and-archives\/2016-edition\/fellows\/ucha-seturi-georgia\/\" alt=\"Ucha Seturi \u2013 Georgia\" \/><\/div><div class=\"wpif2_image_block\"><img decoding=\"async\" src=\"https:\/\/eurossig.eu\/eurossig\/wp-content\/uploads\/2016\/07\/Suedmeyer.jpg\" data-link=\"https:\/\/eurossig.eu\/eurossig\/summer-school-impressions\/pictures-and-archives\/2016-edition\/fellows\/annette-suedmeyer-germany\/\" alt=\"Annette S\u00fcdmeyer \u2013 Germany\" \/><\/div><div class=\"wpif2_image_block\"><img decoding=\"async\" src=\"https:\/\/eurossig.eu\/eurossig\/wp-content\/uploads\/2016\/07\/Sulaberidze.jpg\" data-link=\"https:\/\/eurossig.eu\/eurossig\/summer-school-impressions\/pictures-and-archives\/2016-edition\/fellows\/mariam-sulaberidze-georgia\/\" alt=\"Mariam Sulaberidze \u2013 Georgia\" \/><\/div><div class=\"wpif2_image_block\"><img decoding=\"async\" src=\"https:\/\/eurossig.eu\/eurossig\/wp-content\/uploads\/2016\/07\/Vinicius2.jpg\" data-link=\"https:\/\/eurossig.eu\/eurossig\/summer-school-impressions\/pictures-and-archives\/2016-edition\/fellows\/vinicius-w-o-santos-brazil\/\" alt=\"Vinicius W. O. Santos \u2013 Brazil\" \/><\/div><div class=\"wpif2_image_block\"><img decoding=\"async\" src=\"https:\/\/eurossig.eu\/eurossig\/wp-content\/uploads\/2016\/07\/Vink.jpg\" data-link=\"https:\/\/eurossig.eu\/eurossig\/summer-school-impressions\/pictures-and-archives\/2016-edition\/fellows\/anna-karina-vink-netherlands\/\" alt=\"Anna Karina Vink \u2013 Netherlands\" \/><\/div><div class=\"wpif2_image_block\"><img decoding=\"async\" src=\"https:\/\/eurossig.eu\/eurossig\/wp-content\/uploads\/2016\/07\/Kasek-Galgal.jpg\" data-link=\"https:\/\/eurossig.eu\/eurossig\/summer-school-impressions\/pictures-and-archives\/2016-edition\/fellows\/kasek-ishmael-galgal-papua-new-guinea\/\" alt=\"Kasek Ishmael Galgal \u2013 Papua New Guinea\" \/><\/div><div class=\"wpif2_image_block\"><img decoding=\"async\" src=\"https:\/\/eurossig.eu\/eurossig\/wp-content\/uploads\/2016\/07\/T.Ivanova-e1468745594387.jpg\" data-link=\"https:\/\/eurossig.eu\/eurossig\/summer-school-impressions\/pictures-and-archives\/2016-edition\/fellows\/tetiana-ivanova-ukraine\/\" alt=\"Tetiana Ivanova - Ukraine\" \/><\/div><div class=\"wpif2_image_block\"><img decoding=\"async\" src=\"https:\/\/eurossig.eu\/eurossig\/wp-content\/uploads\/2016\/07\/Vera-e1468746728758.jpg\" data-link=\"https:\/\/eurossig.eu\/eurossig\/summer-school-impressions\/pictures-and-archives\/2016-edition\/fellows\/vera-mikusova-czech-republic\/\" alt=\"V\u011bra Miku\u0161ov\u00e1 - Czech Republic\" \/><\/div><div class=\"wpif2_image_block\"><img decoding=\"async\" src=\"https:\/\/eurossig.eu\/eurossig\/wp-content\/uploads\/2016\/07\/Julia-e1469006917287.jpg\" data-link=\"https:\/\/eurossig.eu\/eurossig\/summer-school-impressions\/pictures-and-archives\/2016-edition\/fellows\/julia-charvolen-france\/\" alt=\"Julia Charvolen - France\" \/><\/div><\/div>\n<div id=\"wpif2_captions_1\" class=\"wpif2_captions\"><\/div>\n<div id=\"wpif2_scrollbar_1\" class=\"wpif2_scrollbar black\"><div id=\"wpif2_slider_1\" class=\"wpif2_slider\">\n<\/div><\/div>\n<noscript><div id=\"wpif2_flowplus_noscript_1\" class=\"wpif2_flowplus_noscript\"><a href=\"https:\/\/eurossig.eu\/eurossig\/summer-school-impressions\/pictures-and-archives\/2016-edition\/fellows\/adela-goberna-argentina\/\"><img decoding=\"async\" src=\"https:\/\/eurossig.eu\/eurossig\/wp-content\/uploads\/2016\/07\/Adela.jpg\" width=\"100\"  alt=\"Adela Goberna \u2013 Argentina\" \/><\/a><a href=\"https:\/\/eurossig.eu\/eurossig\/summer-school-impressions\/pictures-and-archives\/2016-edition\/fellows\/adriatik-allamani-albania\/\"><img decoding=\"async\" src=\"https:\/\/eurossig.eu\/eurossig\/wp-content\/uploads\/2016\/07\/Adriatik.jpg\" width=\"100\"  alt=\"Adriatik Allamani \u2013 Albania\" \/><\/a><a href=\"https:\/\/eurossig.eu\/eurossig\/summer-school-impressions\/pictures-and-archives\/2016-edition\/fellows\/alastair-strachan-united-kingdom-of-great-britain-and-northern-ireland\/\"><img decoding=\"async\" src=\"https:\/\/eurossig.eu\/eurossig\/wp-content\/uploads\/2016\/07\/Alastair.jpg\" width=\"100\"  alt=\"Alastair Strachan \u2013 United Kingdom of Great Britain and Northern Ireland\" \/><\/a><a href=\"https:\/\/eurossig.eu\/eurossig\/summer-school-impressions\/pictures-and-archives\/2016-edition\/fellows\/ana-gascon-marcen-spain\/\"><img decoding=\"async\" src=\"https:\/\/eurossig.eu\/eurossig\/wp-content\/uploads\/2016\/07\/Ana_Gascon.jpg\" width=\"100\"  alt=\"Ana Gasc\u00f3n Marc\u00e9n \u2013 Spain\" \/><\/a><a href=\"https:\/\/eurossig.eu\/eurossig\/summer-school-impressions\/pictures-and-archives\/2016-edition\/fellows\/ariel-xinyue-liang-china\/\"><img decoding=\"async\" src=\"https:\/\/eurossig.eu\/eurossig\/wp-content\/uploads\/2016\/07\/Ariel.jpg\" width=\"100\"  alt=\"Ariel Xinyue Liang \u2013 China\" \/><\/a><a href=\"https:\/\/eurossig.eu\/eurossig\/summer-school-impressions\/pictures-and-archives\/2016-edition\/fellows\/bram-fudzulani-malawi\/\"><img decoding=\"async\" src=\"https:\/\/eurossig.eu\/eurossig\/wp-content\/uploads\/2016\/07\/Bram.jpg\" width=\"100\"  alt=\"Bram Fudzulani \u2013 Malawi\" \/><\/a><a href=\"https:\/\/eurossig.eu\/eurossig\/summer-school-impressions\/pictures-and-archives\/2016-edition\/fellows\/sven-braun-germany\/\"><img decoding=\"async\" src=\"https:\/\/eurossig.eu\/eurossig\/wp-content\/uploads\/2016\/07\/Braun_Sven.jpg\" width=\"100\"  alt=\"Sven Braun \u2013 Germany\" \/><\/a><a href=\"https:\/\/eurossig.eu\/eurossig\/summer-school-impressions\/pictures-and-archives\/2016-edition\/fellows\/carly-renee-morris-united-kingdom-of-great-britain-and-northern-ireland\/\"><img decoding=\"async\" src=\"https:\/\/eurossig.eu\/eurossig\/wp-content\/uploads\/2016\/07\/Carly.jpg\" width=\"100\"  alt=\"Carly Ren\u00e9e Morris \u2013 United Kingdom of Great Britain and Northern Ireland\" \/><\/a><a href=\"https:\/\/eurossig.eu\/eurossig\/summer-school-impressions\/pictures-and-archives\/2016-edition\/fellows\/ana-dabrundashvili-georgia\/\"><img decoding=\"async\" src=\"https:\/\/eurossig.eu\/eurossig\/wp-content\/uploads\/2016\/07\/Dabrundashvili.jpg\" width=\"100\"  alt=\"Ana Dabrundashvili \u2013 Georgia\" \/><\/a><a href=\"https:\/\/eurossig.eu\/eurossig\/summer-school-impressions\/pictures-and-archives\/2016-edition\/fellows\/gergana-petrova-bulgaria\/\"><img decoding=\"async\" src=\"https:\/\/eurossig.eu\/eurossig\/wp-content\/uploads\/2016\/07\/Gergana.jpg\" width=\"100\"  alt=\"Gergana Petrova \u2013 Bulgaria\" \/><\/a><a href=\"https:\/\/eurossig.eu\/eurossig\/summer-school-impressions\/pictures-and-archives\/2016-edition\/fellows\/kamal-mammadov-azerbaijan\/\"><img decoding=\"async\" src=\"https:\/\/eurossig.eu\/eurossig\/wp-content\/uploads\/2016\/07\/Kamal.jpg\" width=\"100\"  alt=\"Kamal Mammadov \u2013 Azerbaijan\" \/><\/a><a href=\"https:\/\/eurossig.eu\/eurossig\/summer-school-impressions\/pictures-and-archives\/2016-edition\/fellows\/krishna-kumar-india\/\"><img decoding=\"async\" src=\"https:\/\/eurossig.eu\/eurossig\/wp-content\/uploads\/2016\/07\/Krishna.jpg\" width=\"100\"  alt=\"Krishna Kumar \u2013 India\" \/><\/a><a href=\"https:\/\/eurossig.eu\/eurossig\/summer-school-impressions\/pictures-and-archives\/2016-edition\/fellows\/marcelina-moraru-republic-of-moldava\/\"><img decoding=\"async\" src=\"https:\/\/eurossig.eu\/eurossig\/wp-content\/uploads\/2016\/07\/Marceline.jpg\" width=\"100\"  alt=\"Marcelina Moraru \u2013 Republic of Moldava\" \/><\/a><a href=\"https:\/\/eurossig.eu\/eurossig\/summer-school-impressions\/pictures-and-archives\/2016-edition\/fellows\/mauricio-galvan-mejia-mexico\/\"><img decoding=\"async\" src=\"https:\/\/eurossig.eu\/eurossig\/wp-content\/uploads\/2016\/07\/Mauricio.jpg\" width=\"100\"  alt=\"Mauricio Galvan Mejia \u2013 Mexico\" \/><\/a><a href=\"https:\/\/eurossig.eu\/eurossig\/summer-school-impressions\/pictures-and-archives\/2016-edition\/fellows\/nazgul-kurmanalieva-kyrgyz-republic\/\"><img decoding=\"async\" src=\"https:\/\/eurossig.eu\/eurossig\/wp-content\/uploads\/2016\/07\/Nazgul.jpg\" width=\"100\"  alt=\"Nazgul Kurmanalieva \u2013 Kyrgyz Republic\" \/><\/a><a href=\"https:\/\/eurossig.eu\/eurossig\/summer-school-impressions\/pictures-and-archives\/2016-edition\/fellows\/elizabeth-oluoch-do-canto-united-states-of-america\/\"><img decoding=\"async\" src=\"https:\/\/eurossig.eu\/eurossig\/wp-content\/uploads\/2016\/07\/Oluoch.jpg\" width=\"100\"  alt=\"Elizabeth Oluoch-Do Canto \u2013 United States of America\" \/><\/a><a href=\"https:\/\/eurossig.eu\/eurossig\/summer-school-impressions\/pictures-and-archives\/2016-edition\/fellows\/elisabeth-schauermann-austria\/\"><img decoding=\"async\" src=\"https:\/\/eurossig.eu\/eurossig\/wp-content\/uploads\/2016\/07\/Schauermann.jpg\" width=\"100\"  alt=\"Elisabeth Schauermann \u2013 Austria\" \/><\/a><a href=\"https:\/\/eurossig.eu\/eurossig\/summer-school-impressions\/pictures-and-archives\/2016-edition\/fellows\/olusegun-olugbile-nigeria\/\"><img decoding=\"async\" src=\"https:\/\/eurossig.eu\/eurossig\/wp-content\/uploads\/2016\/07\/Segun.jpg\" width=\"100\"  alt=\"Segun Olugbile \u2013 Nigeria\" \/><\/a><a href=\"https:\/\/eurossig.eu\/eurossig\/summer-school-impressions\/pictures-and-archives\/2016-edition\/fellows\/ucha-seturi-georgia\/\"><img decoding=\"async\" src=\"https:\/\/eurossig.eu\/eurossig\/wp-content\/uploads\/2016\/07\/Seturi.jpg\" width=\"100\"  alt=\"Ucha Seturi \u2013 Georgia\" \/><\/a><a href=\"https:\/\/eurossig.eu\/eurossig\/summer-school-impressions\/pictures-and-archives\/2016-edition\/fellows\/annette-suedmeyer-germany\/\"><img decoding=\"async\" src=\"https:\/\/eurossig.eu\/eurossig\/wp-content\/uploads\/2016\/07\/Suedmeyer.jpg\" width=\"100\"  alt=\"Annette S\u00fcdmeyer \u2013 Germany\" \/><\/a><a href=\"https:\/\/eurossig.eu\/eurossig\/summer-school-impressions\/pictures-and-archives\/2016-edition\/fellows\/mariam-sulaberidze-georgia\/\"><img decoding=\"async\" src=\"https:\/\/eurossig.eu\/eurossig\/wp-content\/uploads\/2016\/07\/Sulaberidze.jpg\" width=\"100\"  alt=\"Mariam Sulaberidze \u2013 Georgia\" \/><\/a><a href=\"https:\/\/eurossig.eu\/eurossig\/summer-school-impressions\/pictures-and-archives\/2016-edition\/fellows\/vinicius-w-o-santos-brazil\/\"><img decoding=\"async\" src=\"https:\/\/eurossig.eu\/eurossig\/wp-content\/uploads\/2016\/07\/Vinicius2.jpg\" width=\"100\"  alt=\"Vinicius W. O. Santos \u2013 Brazil\" \/><\/a><a href=\"https:\/\/eurossig.eu\/eurossig\/summer-school-impressions\/pictures-and-archives\/2016-edition\/fellows\/anna-karina-vink-netherlands\/\"><img decoding=\"async\" src=\"https:\/\/eurossig.eu\/eurossig\/wp-content\/uploads\/2016\/07\/Vink.jpg\" width=\"100\"  alt=\"Anna Karina Vink \u2013 Netherlands\" \/><\/a><a href=\"https:\/\/eurossig.eu\/eurossig\/summer-school-impressions\/pictures-and-archives\/2016-edition\/fellows\/kasek-ishmael-galgal-papua-new-guinea\/\"><img decoding=\"async\" src=\"https:\/\/eurossig.eu\/eurossig\/wp-content\/uploads\/2016\/07\/Kasek-Galgal.jpg\" width=\"100\"  alt=\"Kasek Ishmael Galgal \u2013 Papua New Guinea\" \/><\/a><a href=\"https:\/\/eurossig.eu\/eurossig\/summer-school-impressions\/pictures-and-archives\/2016-edition\/fellows\/tetiana-ivanova-ukraine\/\"><img decoding=\"async\" src=\"https:\/\/eurossig.eu\/eurossig\/wp-content\/uploads\/2016\/07\/T.Ivanova-e1468745594387.jpg\" width=\"100\"  alt=\"Tetiana Ivanova - Ukraine\" \/><\/a><a href=\"https:\/\/eurossig.eu\/eurossig\/summer-school-impressions\/pictures-and-archives\/2016-edition\/fellows\/vera-mikusova-czech-republic\/\"><img decoding=\"async\" src=\"https:\/\/eurossig.eu\/eurossig\/wp-content\/uploads\/2016\/07\/Vera-e1468746728758.jpg\" width=\"100\"  alt=\"V\u011bra Miku\u0161ov\u00e1 - Czech Republic\" \/><\/a><a href=\"https:\/\/eurossig.eu\/eurossig\/summer-school-impressions\/pictures-and-archives\/2016-edition\/fellows\/julia-charvolen-france\/\"><img decoding=\"async\" src=\"https:\/\/eurossig.eu\/eurossig\/wp-content\/uploads\/2016\/07\/Julia-e1469006917287.jpg\" width=\"100\"  alt=\"Julia Charvolen - France\" \/><\/a><\/div><\/noscript><\/div><\/div>\n","protected":false},"excerpt":{"rendered":"<p>Confirmed fellows will be listed here starting in May 2016.<\/p>\n","protected":false},"author":1,"featured_media":0,"parent":23,"menu_order":0,"comment_status":"closed","ping_status":"closed","template":"eurossig_archiv_subpage.php","meta":{"ngg_post_thumbnail":0,"footnotes":""},"class_list":["post-31","page","type-page","status-publish","hentry"],"_links":{"self":[{"href":"https:\/\/eurossig.eu\/eurossig\/wp-json\/wp\/v2\/pages\/31","targetHints":{"allow":["GET"]}}],"collection":[{"href":"https:\/\/eurossig.eu\/eurossig\/wp-json\/wp\/v2\/pages"}],"about":[{"href":"https:\/\/eurossig.eu\/eurossig\/wp-json\/wp\/v2\/types\/page"}],"author":[{"embeddable":true,"href":"https:\/\/eurossig.eu\/eurossig\/wp-json\/wp\/v2\/users\/1"}],"replies":[{"embeddable":true,"href":"https:\/\/eurossig.eu\/eurossig\/wp-json\/wp\/v2\/comments?post=31"}],"version-history":[{"count":7,"href":"https:\/\/eurossig.eu\/eurossig\/wp-json\/wp\/v2\/pages\/31\/revisions"}],"predecessor-version":[{"id":1301,"href":"https:\/\/eurossig.eu\/eurossig\/wp-json\/wp\/v2\/pages\/31\/revisions\/1301"}],"up":[{"embeddable":true,"href":"https:\/\/eurossig.eu\/eurossig\/wp-json\/wp\/v2\/pages\/23"}],"wp:attachment":[{"href":"https:\/\/eurossig.eu\/eurossig\/wp-json\/wp\/v2\/media?parent=31"}],"curies":[{"name":"wp","href":"https:\/\/api.w.org\/{rel}","templated":true}]}}